composite number?
False
Is 578394679 a prime number?
True
Is 1113779827 a composite number?
False
Is 30452160031 prime?
False
Is 2742202147 composite?
True
Is 1719064453 a prime number?
False
Is 15974034811 a prime number?
False
Is 162118519201 composite?
False
Is 212561518943 prime?
True
Is 1389324931 composite?
True
Is 7544888969 a prime number?
True
Is 11763529507 composite?
False
Is 25285926901 a prime number?
True
Is 40816884347 prime?
True
Is 7924474771 a composite number?
False
Is 109515149 prime?
False
Is 94769594263 composite?
True
Is 14387289141 a prime number?
False
Is 66398613231 a prime number?
False
Is 24516910169 prime?
True
Is 3067439093 a composite number?
True
Is 145019631118 prime?
False
Is 263356603 prime?
True
Is 5030522261 composite?
False
Is 26688395281 prime?
False
Is 173888711 composite?
False
Is 2485899629 a composite number?
False
Is 88156074383 a prime number?
False
Is 1022062583 prime?
False
Is 322062199 composite?
True
Is 29813338219 prime?
False
Is 1462066327 composite?
False
Is 9214223017 composite?
False
Is 4855490249 a composite number?
False
Is 8337820261 prime?
True
Is 169440551909 composite?
False
Is 1219349543 prime?
False
Is 41569351 a composite number?
True
Is 2315582213 prime?
False
Is 116568048617 a prime number?
False
Is 7459822519 a composite number?
False
Is 1963221043 a prime number?
False
Is 704731801 composite?
False
Is 3636764279 a prime number?
True
Is 372277097 composite?
False
Is 514281497 a prime number?
False
Is 19845396111 a composite number?
True
Is 49326509 a prime number?
True
Is 149981207 a prime number?
True
Is 50796401 composite?
False
Is 294093169 a prime number?
False
Is 2176621349 a prime number?
False
Is 222559067 a prime number?
True
Is 210684731 composite?
False
Is 15061910537 a prime number?
True
Is 24185911 a composite number?
True
Is 1195346717 prime?
True
Is 243528739 prime?
True
Is 18613869073 composite?
False
Is 12242573941 a prime number?
False
Is 634836647 a prime number?
True
Is 5542276637 a composite number?
False
Is 1076882761 prime?
True
Is 3518471843 a composite number?
False
Is 126359213 a composite number?
False
Is 1177483693 prime?
True
Is 1509746449 a composite number?
False
Is 12185080573 a composite number?
True
Is 1942064291 a prime number?
True
Is 697129813 a prime number?
True
Is 2317408693 a composite number?
False
Is 7345512127 a composite number?
True
Is 4997776333 prime?
False
Is 219094483 a prime number?
False
Is 6626225542 prime?
False
Is 79954161829 prime?
False
Is 2070309302 a prime number?
False
Is 22964832473 a prime number?
False
Is 244406933 composite?
False
Is 8538848999 a prime number?
True
Is 1692580657 a composite number?
False
Is 40107363403 composite?
False
Is 1406180843 a composite number?
False
Is 2345367131 a prime number?
False
Is 7305279881 composite?
True
Is 796058327 prime?
True
Is 591922481 composite?
False
Is 288125797 composite?
True
Is 2567394197 prime?
True
Is 13774712113 prime?
True
Is 63529973293 composite?
False
Is 6044121929 a composite number?
False
Is 6527229691 prime?
False
Is 4308359969 prime?
True
Is 194714538043 prime?
True
Is 2178277991 a composite number?
False
Is 86293209809 prime?
False
Is 16754468153 a prime number?
False
Is 2671903841 prime?
False
Is 1915937531 prime?
True
Is 1527132869 a prime number?
False
Is 3114998063 a prime number?
True
Is 75658529 composite?
True
Is 4666736786 a prime number?
False
Is 12501541823 a prime number?
True
Is 20656111037 composite?
False
Is 123342543487 a prime number?
True
Is 877065863 prime?
True
Is 386462047 a prime number?
True
Is 1312665401 prime?
False
Is 704060855 prime?
False
Is 3073179917 a composite number?
True
Is 51397460711 a prime number?
False
Is 2015797613 prime?
False
Is 994891343 a composite number?
False
Is 8069255021 a composite number?
True
Is 747110431 a prime number?
True
Is 11078355077 a prime number?
False
Is 1164628577 composite?
True
Is 10477512191 composite?
False
Is 3024967579 a prime number?
True
Is 97366780333 a prime number?
True
Is 7719102109 a prime number?
False
Is 295923071 prime?
True
Is 318544537 a composite number?
True
Is 401951467 prime?
True
Is 720917762 a prime number?
False
Is 43031475197 prime?
True
Is 717900473 a composite number?
True
Is 585910607 a composite number?
True
Is 164762321 a prime number?
False
Is 8198576749 a composite number?
True
Is 12290767565 a composite number?
True
Is 13256706547 prime?
False
Is 6405832319 a composite number?
True
Is 22830925801 a prime number?
True
Is 6523988239 composite?
False
Is 5616846397 prime?
False
Is 2120099977 a composite number?
False
Is 407377757 composite?
False
Is 149983609 a prime number?
True
Is 18461676071 a prime number?
True
Is 1424445323 prime?
False
Is 42216086777 a prime number?
False
Is 132481277 a prime number?
True
Is 5181777173 a composite number?
False
Is 889340951 a prime number?
True
Is 2403541061 a composite number?
True
Is 15948819449 a composite number?
True
Is 3549563531 composite?
False
Is 49695049 a prime number?
False
Is 123256691 a composite number?
False
Is 4753639373 a composite number?
True
Is 2887374137 a prime number?
True
Is 2422337485 prime?
False
Is 17176401343 a prime number?
True
Is 469962833 prime?
True
Is 75639981701 a composite number?
True
Is 1943201042 a composite number?
True
Is 2022483283 a prime number?
True
Is 16856542999 composite?
False
Is 217885511 composite?
True
Is 930936239 prime?
True
Is 12181703186 composite?
True
Is 1995634789 prime?
False
Is 396603003517 composite?
True
Is 6715981249 composite?
False
Is 2927867951 a prime number?
True
Is 6654660209 a prime number?
False
Is 3296691011 a composite number?
False
Is 32581100059 a prime number?
True
Is 15969917771 a prime number?
False
Is 77350579 prime?
False
Is 7747916713 a composite number?
False
Is 2640248147 a composite number?
False
Is 17574983 a prime number?
True
Is 12588994153 a composite number?
False
Is 1825551737 prime?
False
Is 494263043 prime?
False
Is 158320257013 composite?
True
Is 6149526599 a prime number?
True
Is 44896728629 composite?
True
Is 29246084345 prime?
False
Is 19466259949 a composite number?
False
Is 2626783501 prime?
True
Is 75111222223 prime?
True
Is 14140891621 composite?
False
Is 905234501 a prime number?
True
Is 144130823 a composite number?
False
Is 5207346577 prime?
True
Is 68413421 a composite number?
True
Is 334236493 a prime number?
False
Is 7004005637 a composite number?
False
Is 3059039411 a prime number?
True
Is 4537980943 a prime number?
True
Is 10639755845 composite?
True
Is 196438732351 a prime number?
False
Is 571221941 prime?
True
Is 41073971545 a prime number?
False
Is 9008161627 a prime number?
False
Is 7831025171 a prime number?
True
Is 29380311029 a prime number?
False
Is 16806286321 a prime number?
False
Is 92961115601 a composite number?
False
Is 168917902229 a prime number?
True
Is 2857829053 a prime number?
True
Is 16312766203 a composite number?
False
Is 640678147 prime?
False
Is 8025418381 a prime number?
True
Is 2256957953 a composite number?
True
Is 11736920399 composite?
False
Is 1558726303 a composite number?
True
Is 3945132487 prime?
False
Is 101859413 a prime number?
False
Is 1354863451 a prime number?
False
Is 350001331 a prime number?
False
Is 101438673979 composite?
True
Is 196416007 composite?
False
Is 26110471661 prime?
True
Is 6692676013 a prime number?
False
Is 8428451 a prime number?
False
Is 8606124623 composite?
False
Is 91296397 composite?
False
Is 517408357 composite?
False
Is 408410521 a composite number?
False
Is 634950257 prime?
True
Is 1230421177 a prime number?
False
Is 11218903 composite?
False
Is 10554704527 prime?
False
Is 1279608691 composite?
False
Is 44134621 composite?
False
Is 7395122957 a prime number?
False
Is 1287982797 a composite number?
True
Is 15692314519 prime?
False
Is 57590378561 composite?
False
Is 4199803697 a composite number?
False
Is 11202931549 a composite number?
False
Is 3718508657 prime?
True
Is 12698157131 a prime number?
False
Is 1431488897 prime?
True
Is 215193076093 prime?
False
Is 354171991 prime?
False
Is 997338767 composite?
True
Is 1411628651 prime?
True
Is 429707849 a prime number?
False
Is 25110897941 prime?
True
Is 4764742907 composite?
False
Is 21305853859 a prim